{"id":497,"date":"2024-08-24T21:30:42","date_gmt":"2024-08-24T20:30:42","guid":{"rendered":"https:\/\/pandekager.eu\/?page_id=497"},"modified":"2024-09-13T19:21:43","modified_gmt":"2024-09-13T18:21:43","slug":"udlejning-af-telte","status":"publish","type":"page","link":"https:\/\/pandekager.eu\/index.php\/udlejning-af-telte\/","title":{"rendered":"Udlejning"},"content":{"rendered":"\n<p>Denne side er under opbygning<\/p>\n\n\n\n<h2 class=\"wp-block-heading\">Telte<\/h2>\n\n\n\n<p>De telte vi udlejer er af typen Saxer 5 x 7meter<\/p>\n\n\n\n<p>og oversejl 5,5 x 8 meter uden barduner, vi kan sette sider p\u00e5 det er specielt godt i bl\u00e6sevejr. <br>Billeder kommer<\/p>\n\n\n\n<h2 class=\"wp-block-heading\">T\u00f8j<\/h2>\n\n\n\n<p>Det t\u00f8j vi lejer ud til HERRENE er sorte bukser og r\u00f8d tunika og reb-b\u00e6lte med kr\u00e6mmerpung eller munkekutter med reb-b\u00e6lte og rosenkrans<br>Billeder kommer<\/p>\n\n\n\n<p>Til KVINDERNE tilbyder vi r\u00f8d kjole og reb-b\u00e6lte med kr\u00e6mmerpung, og forh\u00e5bentlig snart ogs\u00e5 nonne dragt<br>Billeder kommer<\/p>\n\n\n\n<h2 class=\"wp-block-heading\">Sko<\/h2>\n\n\n\n<p>vi har sko fra str. 36 til 47 <br>Billeder kommer<\/p>\n\n\n\n<h2 class=\"wp-block-heading\">Priser<\/h2>\n\n\n\n<p>kontakt os for pris og om der er noget ledigt n\u00e5r du skal bruge det..<\/p>\n","protected":false},"excerpt":{"rendered":"<p>Denne side er under opbygning Telte De telte vi udlejer er af typen Saxer 5 x 7meter og oversejl 5,5 x 8 meter uden barduner, vi kan sette sider p\u00e5 det er specielt godt i bl\u00e6sevejr. Billeder kommer T\u00f8j Det t\u00f8j vi lejer ud til HERRENE er sorte bukser og r\u00f8d tunika og reb-b\u00e6lte med&hellip;<\/p>\n","protected":false},"author":1,"featured_media":0,"parent":0,"menu_order":0,"comment_status":"closed","ping_status":"closed","template":"","meta":{"footnotes":""},"jetpack_sharing_enabled":true,"_links":{"self":[{"href":"https:\/\/pandekager.eu\/index.php\/wp-json\/wp\/v2\/pages\/497"}],"collection":[{"href":"https:\/\/pandekager.eu\/index.php\/wp-json\/wp\/v2\/pages"}],"about":[{"href":"https:\/\/pandekager.eu\/index.php\/wp-json\/wp\/v2\/types\/page"}],"author":[{"embeddable":true,"href":"https:\/\/pandekager.eu\/index.php\/wp-json\/wp\/v2\/users\/1"}],"replies":[{"embeddable":true,"href":"https:\/\/pandekager.eu\/index.php\/wp-json\/wp\/v2\/comments?post=497"}],"version-history":[{"count":3,"href":"https:\/\/pandekager.eu\/index.php\/wp-json\/wp\/v2\/pages\/497\/revisions"}],"predecessor-version":[{"id":741,"href":"https:\/\/pandekager.eu\/index.php\/wp-json\/wp\/v2\/pages\/497\/revisions\/741"}],"wp:attachment":[{"href":"https:\/\/pandekager.eu\/index.php\/wp-json\/wp\/v2\/media?parent=497"}],"curies":[{"name":"wp","href":"https:\/\/api.w.org\/{rel}","templated":true}]}}